p/(-12)*4?
2, 3, 41
Let m = -47 + 118. Let q = m + 113. List the prime factors of q.
2, 23
Let z(w) = -9*w - 115. Let t(c) = -5*c - 57. Let j(q) = -5*t(q) + 2*z(q). List the prime factors of j(-5).
2, 5
Let h(z) = z**2 + 2. Let w be h(2). Let i = w - 55. Let p = 89 + i. List the prime factors of p.
2, 5
Suppose 0 = -5*v + 130 - 30. Suppose 0 = -15*w + v*w - 20. Suppose -w*k + 4 = 0, 0 = -0*t + 5*t - 4*k - 351. List the prime factors of t.
71
Let n be (-2)/16 + 128869/104. Suppose -h = 5*o - n, -2*o - 2*h + 246 = -o. Suppose 14*r - 10*r - o = 0. List the prime factors of r.
2, 31
Let s(j) = j**3 + 25*j**2 + 35*j - 1268. List the prime factors of s(20).
2, 2179
Suppose 0 = 2*v + v, 15*i - v - 2556 = 11*i. What are the prime factors of i?
3, 71
Let b(u) = 2455*u + 2027. What are the prime factors of b(18)?
113, 409
Let s = -232 - -232. Suppose s = -k + 3*u + 29 + 148, 596 = 3*k + 4*u. List the prime factors of k.
2, 3
Let f(a) be the second derivative of -7*a**6/720 + a**5/5 + 25*a**4/12 - 8*a. Let i(o) be the third derivative of f(o). What are the prime factors of i(-15)?
3, 43
Suppose -14 = 3*a - 4*g, -3*g + 2*g - 6 = 4*a. Let w = a - -5. Suppose -w*t - 181 = -5*o, 8*o - 4*o - 167 = -5*t. List the prime factors of o.
2, 19
Let x(l) be the second derivative of -11/6*l**3 + 27*l + l**2 + 0. List the prime factors of x(-13).
5, 29
Let s(v) = 4*v**3 + 9*v**2 - 30*v - 22. Let o(t) = -3*t**3 - 7*t**2 + 30*t + 21. Let g(z) = -5*o(z) - 4*s(z). What are the prime factors of g(-8)?
11, 61
Suppose 6*b - 7*b = -7. Let d(f) = -4*f + 17 - 3 + 3*f**2 - 10*f**2 + b - f**3. List the prime factors of d(-8).
3, 13
Let m(z) = -z**2 + z - 12. Suppose n + 49 = 8*n. Let p be m(n). What are the prime factors of 5*4/((-40)/p)?
3
Suppose 0 = -5*i + 2*i + 66. Let w = i - 45. Let h = w + 68. What are the prime factors of h?
3, 5
Let g(f) = f**2 + f - 9. Let x be g(5). Suppose 2*z + 2*n - x = -n, -2*z + 4*n = 14. Suppose -6*q + 180 = -z*q. What are the prime factors of q?
2, 3, 5
Let p(j) = 16*j - 44. Suppose -y = -3*r + 46, r + 3*y - 70 = -3*r. List the prime factors of p(r).
2, 53
Let a(s) be the second derivative of -127*s**3/6 - 35*s**2/2 - 107*s. List the prime factors of a(-2).
3, 73
Let m = 51 - 27. Suppose 5*a + 36 = -3*o - 12, 3*a - m = 3*o. What are the prime factors of (-11)/(o/2) - -69?
71
Let p(k) = 18101*k**2 + 54*k + 52. What are the prime factors of p(-1)?
3, 2011
Let f(w) = 8*w**3 - 2*w**2 + w + 16. Let d(q) = -4*q**3 + q**2 - 8. Let u(v) = -7*d(v) - 4*f(v). What are the prime factors of u(-5)?
3, 179
Suppose -6*f - 27*f - 7*f = -831640. What are the prime factors of f?
17, 1223
Let g(v) = 64*v**2 - 47*v + 56. Let k be g(7). Let w = 6 + 4. Suppose -w*c = -k + 403. What are the prime factors of c?
2, 3, 41
Let j(t) = 42*t + 6. Let z be j(3). Let a be (0 - -7) + (-5913)/(-27). Let i = a - z. What are the prime factors of i?
2, 47
Suppose 1 = -m, -m - 13 = 2*z + 4*m. What are the prime factors of (66/(-99))/(z/246)?
41
Let d be -5 + 32/4 + 4. Suppose -1833 - 15 = -d*h. What are the prime factors of h?
2, 3, 11
Suppose p - 6*p = -35. Let u be 1 - 9 - (-10)/2. List the prime factors of u/p + 650/14.
2, 23
Suppose -28494 = -d - 9590. List the prime factors of d.
2, 17, 139
Let x(w) = -626*w - 1294. List the prime factors of x(-19).
2, 5, 53
Suppose 0 = 3*s - s + 4*w - 28916, -2*w - 43398 = -3*s. List the prime factors of s.
2, 113
Suppose -17*q + 19*q = 8. Suppose -2*l + 2217 = 5*w + 428, 5*w - q*l = 1807. Suppose r - 92 = -a, 5*a - 101 = r + w. List the prime factors of a.
2, 23
Suppose -7*w + 73 = 24. Suppose 3696 = 11*b - w*b. What are the prime factors of b?
2, 3, 7, 11
Let x(z) = -z**2 - 19*z + 19. Suppose 5*c - 2*i + 65 = 0, -50*c + 5*i = -52*c + 3. List the prime factors of x(c).
107
Suppose -5*f + 211 = 4*w, 3*w - 3*f - 2*f - 167 = 0. Let c(k) = -w*k + 188 - 184 + k. List the prime factors of c(-1).
3, 19
Suppose 484 = 4*s + 52. Let x(g) = g**2 - 18*g + 4. Let n be x(15). Let a = s + n. List the prime factors of a.
67
Suppose -771*n = -772*n + 3*d + 26411, n - 2*d - 26405 = 0. List the prime factors of n.
26393
Let r = -132 + 337. List the prime factors of (-123)/r + 14196/10.
3, 11, 43
Suppose 0 = -14*v - 9736 + 2176. Let q = 915 - v. What are the prime factors of q?
3, 5, 97
Let q(h) = -18*h - 22. Let s(j) = -j. Let b(x) = -q(x) - 3*s(x). Let v be b(12). List the prime factors of 0 - (-2 + v)/(-4).
2, 17
Let c(t) = 15084*t - 1004. What are the prime factors of c(1)?
2, 5, 11
Let g(f) = 752*f + 890. List the prime factors of g(7).
2, 17, 181
Let c be (-43)/(-5) - 18/(-45). Let t(l) = -31 + 16*l - l + 6. List the prime factors of t(c).
2, 5, 11
Suppose -920 = 10*o - 12*o. Suppose -13*h = -17*h - 4*y + 624, o = 3*h + y. List the prime factors of h.
2, 19
Let a(o) = 8*o + 952. Let h be a(0). Suppose 0 = 2*u + 4*p - h, 0 = u - 0*u + 5*p - 467. What are the prime factors of u?
2, 241
Let u(v) = -6 - 5*v**3 - v**2 + 4*v**3 + 12*v**2. Let i be u(11). Let h = 5 - i. What are the prime factors of h?
11
Suppose -105*b + 119 = -98*b. Suppose -8*r = b*r - 15425. List the prime factors of r.
617
Suppose 0 = b - 2*x - 9930, 7913 = b + 5*x - 1996. List the prime factors of b.
2, 3, 827
Let q = 52549 - 15868. List the prime factors of q.
3, 12227
Let z = -2699 - -8399. List the prime factors of z.
2, 3, 5, 19
Suppose -3*v + 9 = -6*v. Let p = v + 252. Let y = p - 131. List the prime factors of y.
2, 59
Let x be 37/(-1) + (-2 - (-1 - -1)). Let a = x - -57. Suppose -22*y + a*y + 104 = 0. What are the prime factors of y?
2, 13
Let d = 15959 - -5785. List the prime factors of d.
2, 3, 151
Let g(b) = 519*b - 1007. List the prime factors of g(15).
2, 3389
Let z(w) = 48*w - 64. Let k be z(11). Let y = 84 + k. List the prime factors of y.
2, 137
Let h(n) = 2248*n**2 - 39*n - 70. What are the prime factors of h(-2)?
2, 3, 5
Suppose 0 = -3*l - 3*i - 132, -33*i = 2*l - 37*i + 94. Suppose -15 = -5*d, -m - d + 5*d = 20. Let u = m - l. What are the prime factors of u?
37
Let m(a) = -7*a - 78. Let d be m(-12). Suppose d*j - 741 = 663. What are the prime factors of j?
2, 3, 13
Let f(x) = -659*x**2 + 8*x + 12. Let d be f(-4). Let p = 5388 + d. What are the prime factors of (-12)/(-21) - p/56?
3, 31
Let g(x) = -17*x - 13. Let q(t) = -t**3 + 6*t**2 - 2*t + 13. Let f be q(6). Let a(z) = z. Let u(p) = f*g(p) - 6*a(p). What are the prime factors of u(-4)?
79
Let l(t) = -t**2 - t - 1. Let i = -38 + 36. Let d(x) = 7*x**2 - 9*x - 3. Let n(w) = i*l(w) + d(w). What are the prime factors of n(3)?
59
Suppose 3*x + 94 = -j, -3*j - 20 = 2*j. What are the prime factors of (198/x)/(2/(-90))?
3, 11
Suppose 0*c + 20*c = -60. List the prime factors of 283 + 2 + c/((-3)/(-5)).
2, 5, 7
Let w be 1/((-4)/(-678))*2. Let s = -62 + w. What are the prime factors of s?
277
Let h = 3094 + -1312. What are the prime factors of h?
2, 3, 11
Let u(n) = -n + 11. Let x be u(15). Let f be (-718)/x*(9 + -7). Let b = f + -186. What are the prime factors of b?
173
Suppose -539628 = -114*a + 527184. What are the prime factors of a?
2, 4679
Suppose -21*v + 49 = -56. Suppose 0 = 2*m - 2*f - 0*f - 1878, v*m + 2*f - 4695 = 0. What are the prime factors of m?
3, 313
Suppose 2*t + 970 = s, 4*s - 2900 = s + 4*t. Let i = -572 + s. What are the prime factors of 7/14*i*1?
2, 97
Suppose 4*m + 1095 - 4706 = 5*z, -1807 = -2*m + z. Let c = m + -599. List the prime factors of c.
5, 61
Suppose 90 = -3*g - 2*g. Let r = -11 - g. Suppose -6*l = -7*l + r. List the prime factors of l.
7
Let h be (3 + -1)*(-1352)/16. Let j = h + 506. What are the prime factors of j?
337
Suppose 0 = -5*r + 10*r - 20. Suppose 0 = a + 2*v - 596, 0*a = r*a + 5*v - 2375. What are the prime factors of a?
2, 5, 59
Let u(j) = j**2 + 17*j + 63. Let o be u(-5). List the prime factors of (o - -374) + (-3 - 14/(-7)).
2, 47
Let k(w) = 5*w - 22. Let i be k(5). Suppose 1151 - 409 = 5*h - i*p, 0 = h + 3*p - 134. List the prime factors of h.
2, 73
Let o(a) = a**3 - 8*a**2 + 4*a + 7. Let g be o(5). Let n = -43 - g. Suppose 324 = -h + n*h. List the prime factors of h.
3
Let k be (4 - 11)*((-27)/7 - -3). List the prime factors of (-2421)/k*(-10)/15.
269
Suppose -6*q - 91 = 23. Let k be (q - (-6)/3)/(10/(-30)). List the prime factors of (k/34)/(3/410).
5, 41
Suppose -86*w = -92*w 